3455161 composite?
True
Is 13963 a composite number?
False
Is 29094349 composite?
True
Is 32385211 prime?
True
Is 5001193 a prime number?
True
Is 80071 a prime number?
True
Is 4379299 prime?
False
Is 759463 prime?
True
Is 249362402 a prime number?
False
Is 57449857 a composite number?
False
Is 8609431 a prime number?
True
Is 110151071 prime?
False
Is 22270623 composite?
True
Is 15189179 a composite number?
True
Is 9681481 a composite number?
False
Is 336426011 prime?
True
Is 8050187 prime?
True
Is 6133261 composite?
False
Is 25025719 prime?
False
Is 93789667 a composite number?
False
Is 71146763 composite?
True
Is 870192497 prime?
True
Is 10852787 a prime number?
False
Is 685577 prime?
False
Is 5652863 composite?
False
Is 96100295 prime?
False
Is 1014317 prime?
True
Is 9939451 a prime number?
False
Is 881287247 composite?
True
Is 18101 a prime number?
False
Is 1345051 composite?
False
Is 63168403 a prime number?
False
Is 1281829 a prime number?
False
Is 5604451 a composite number?
False
Is 26051449 a composite number?
False
Is 68587019 a prime number?
False
Is 10820647 composite?
False
Is 349490137 composite?
False
Is 432287789 a composite number?
False
Is 5917006 a composite number?
True
Is 23677301 prime?
True
Is 36413107 composite?
False
Is 5299249 a composite number?
True
Is 9846431 a prime number?
False
Is 4861189 prime?
False
Is 261821761 a composite number?
False
Is 136133 a prime number?
True
Is 3962282 composite?
True
Is 1152703 a composite number?
True
Is 3259843 prime?
True
Is 18911279 a prime number?
True
Is 698641 a composite number?
False
Is 55438811 prime?
True
Is 125526763 prime?
True
Is 22816699 prime?
True
Is 136582493 a prime number?
True
Is 7396897 composite?
False
Is 16860115 composite?
True
Is 11660447 composite?
True
Is 16421807 composite?
False
Is 2460973 prime?
True
Is 36400934 composite?
True
Is 2427343 a composite number?
True
Is 92487 prime?
False
Is 29985529 a composite number?
True
Is 11381141 composite?
True
Is 896437 a prime number?
False
Is 267332687 a prime number?
True
Is 735901 composite?
False
Is 3805381 a composite number?
True
Is 964793255 a prime number?
False
Is 123425017 composite?
True
Is 1391717 prime?
False
Is 676649 prime?
True
Is 147584863 composite?
True
Is 41468591 prime?
True
Is 2613403 composite?
True
Is 23650987 composite?
False
Is 297874943 a prime number?
True
Is 265362733 a composite number?
False
Is 45362521 a composite number?
False
Is 23744659 prime?
False
Is 8457367 composite?
False
Is 1137779873 a composite number?
False
Is 137181927 prime?
False
Is 21996529 composite?
True
Is 7415857 composite?
False
Is 2129389 prime?
True
Is 153141407 a composite number?
False
Is 1392803 a composite number?
False
Is 2948849 composite?
True
Is 157397111 composite?
False
Is 114356591 composite?
False
Is 9785099 prime?
False
Is 129996913 prime?
True
Is 3540893 a prime number?
True
Is 167141527 composite?
True
Is 33284593 prime?
True
Is 90621233 a prime number?
True
Is 2762017 a prime number?
False
Is 39445459 a prime number?
True
Is 8310019 a prime number?
False
Is 490297373 a composite number?
True
Is 14361199 a prime number?
True
Is 43441403 composite?
True
Is 13155041 a composite number?
True
Is 47933 a prime number?
True
Is 39641269 prime?
False
Is 90302023 composite?
True
Is 63076693 a composite number?
False
Is 21780971 a composite number?
True
Is 14711153 composite?
False
Is 578089 a prime number?
False
Is 13297129 prime?
True
Is 3683099 a prime number?
False
Is 27414419 a composite number?
False
Is 881690701 a prime number?
False
Is 3712051 composite?
True
Is 40106933 a prime number?
False
Is 238463 composite?
False
Is 23306057 a composite number?
False
Is 428199 composite?
True
Is 12396539 prime?
False
Is 286235669 a composite number?
True
Is 2068721 prime?
False
Is 2544901 a composite number?
True
Is 25677389 prime?
True
Is 3809541 a composite number?
True
Is 150999983 composite?
False
Is 29790223 a composite number?
False
Is 4632937 prime?
False
Is 14090033 a composite number?
True
Is 25653181 composite?
True
Is 3677651 a composite number?
True
Is 1266128155 a composite number?
True
Is 2209071 a composite number?
True
Is 1812073727 composite?
True
Is 9863291 composite?
True
Is 324241 a prime number?
False
Is 2790439 prime?
False
Is 396563 a composite number?
False
Is 352345141 prime?
True
Is 804324023 a composite number?
False
Is 869291 composite?
False
Is 3324077 a composite number?
False
Is 666928091 prime?
True
Is 23317903 composite?
True
Is 34144793 a prime number?
False
Is 3172691 a prime number?
True
Is 8827363 a prime number?
True
Is 3889223 composite?
True
Is 40832137 composite?
False
Is 193524554 prime?
False
Is 17575169 composite?
False
Is 258501865 prime?
False
Is 7664929 a composite number?
False
Is 12225293 a prime number?
False
Is 34582693 a composite number?
True
Is 315961 composite?
False
Is 45226661 composite?
False
Is 30386977 a composite number?
True
Is 3366271 composite?
False
Is 5156335 a prime number?
False
Is 2407421 a composite number?
True
Is 13755893 composite?
False
Is 7236043 composite?
False
Is 67679459 a composite number?
True
Is 12732177 a prime number?
False
Is 27137927 a composite number?
True
Is 11494339 prime?
False
Is 4217597 a prime number?
True
Is 23175797 prime?
True
Is 60565019 a composite number?
True
Is 346909307 a composite number?
False
Is 4649291 prime?
True
Is 83577743 composite?
True
Is 35843339 a prime number?
False
Is 60914965 prime?
False
Is 52670479 composite?
False
Is 47151299 composite?
True
Is 25743017 a prime number?
True
Is 224455993 a prime number?
True
Is 7254811 a prime number?
False
Is 6212471 prime?
True
Is 541650709 composite?
False
Is 5464729 a composite number?
False
Is 38263961 prime?
True
Is 14498959 prime?
True
Is 3213929 a composite number?
True
Is 14466757 a composite number?
True
Is 51323563 prime?
True
Is 22116527 composite?
False
Is 4212521 a prime number?
True
Is 2024509 composite?
True
Is 4003009 a prime number?
False
Is 156177913 a prime number?
True
Is 32651093 a composite number?
True
Is 16199897 prime?
False
Is 461243 a composite number?
True
Is 2029569 composite?
True
Is 31763377 a composite number?
True
Is 62004827 a prime number?
True
Is 151339735 composite?
True
Is 28268161 a prime number?
False
Is 799891 a prime number?
True
Is 92686469 composite?
True
Is 852961 a composite number?
True
Is 4403849 a composite number?
False
Is 308991577 a prime number?
True
Is 29503571 a composite number?
False
Is 85527737 composite?
False
Is 514289 a prime number?
True
Is 179708723 prime?
True
Is 4396177 a composite number?
True
Is 485339431 a prime number?
False
Is 10689541 a prime number?
False
Is 4886551 a prime number?
True
Is 458047 composite?
False
Is 718717 a composite number?
False
Is 56521 a composite number?
True
Is 10663703 a composite number?
True
Is 49469755 prime?
False
Is 592898609 a prime number?
True
Is 41151307 a composite number?
True
Is 25837139 prime?
True
Is 11969749 prime?
False
Is 1131629 a composite number?
False
Is 269604307 prime?
False
Is 7344451 prime?
True
Is 897821 prime?
False
Is 196857563 prime?
False
Is 162771109 prime?
False
Is 275419349 composite?
False
Is 4651145 prime?
False
Is 6922163 a composite number?
False
Is 4389062 composite?
True
Is 374870009 a composite number?
True
Is 685231 a composite number?
False
Is 905311 a composite number?
True
Is 5032403 composite?
True
Is 244080877 a composite number?
False
Is 2849603 prime?
False
Is 1564241 composite?
True
Is 113913403 composite?
True
Is 44987081 prime?
False
Is 20336929 prime?
True
Is 4570679 composite?
False
Is 250827971 a composite number?
False
Is 721498 composite?
True
Is 27101441 a composite number?
False
Is 761333 composite?
True
Is 580331 a composite number?
False
Is 2510029 composite?
True
Is 546140971 a prime number?
True
Is 1078919 composite?
False
Is 84234419 a composite number?
False
Is 18642341 prime?
False
Is 57978203 composite?
True
Is 37564507 a composite number?
False
Is 9252617 composite?
True
Is 1530861 composite?
True
Is 139635901 a composite number?
False
Is 1167891827 a composite number?
False
Is 1569781 a composite number?
False
Is 1491467 composite?
True
Is 144039373 composite?
False
Is 4085489 composite?
F